 are the prime factors of h?
2, 11
Let c be ((-1)/(-2)*4)/1. Suppose c*k - 7*k = q, -5 = -5*k - 2*q. What are the prime factors of 168/(-18)*3*k?
2, 7
Let u(o) = 411*o + 93. List the prime factors of u(4).
3, 193
Suppose 399 = -0*r + 3*r - 2*c, 3*r = -5*c + 378. Let t = r - 49. What are the prime factors of t?
2, 41
Let u(a) = -a**2 - 9*a - 5. Let g be u(-9). Let n be (-8)/(-1) - (9 + g). Let x = 21 + n. List the prime factors of x.
5
Let z be ((-315)/12)/(-7)*4. Let a be z/2 + (-23)/(-46). Let b = a - -56. What are the prime factors of b?
2
Suppose 5*t = 6 + 14, -4*u + 60 = 5*t. List the prime factors of u.
2, 5
Let h = -1489 + 2677. What are the prime factors of h?
2, 3, 11
Let y be (-32)/48*(1 - 4). Suppose 0*h = -h + 3*r - 24, -h - 44 = y*r. What are the prime factors of 90*(h/10 + 4)?
2, 3
Suppose -18 = 7*m + 17. What are the prime factors of 534/5 - m/25?
107
Let x(m) = -m**3 - 27*m**2 + m + 26. Let n be x(-27). What are the prime factors of (20/15)/n*(-2 + -142)?
2, 3
Let d(l) = 3*l**2 + 4*l - 5. Suppose c = 3*s + 2*c - 14, 3*c - 18 = -3*s. Let u be d(s). Suppose -3*q + 1 = -u. What are the prime factors of q?
2, 5
Suppose 4*j = -4*i + 7*j + 5016, 5*j - 2482 = -2*i. What are the prime factors of i?
3, 139
Let c be -25 + (-1 - -2) - 1. Let t = -19 - c. Suppose d - 2*d + t = 0. What are the prime factors of d?
2, 3
Suppose -4*f - 3685 = -5*l, l + f = 3*f + 731. Let o be l/(-15) + (-2)/(-5). Let y = o + 110. What are the prime factors of y?
61
Let p be (-4)/10 - (104/(-10) - -5). Suppose 5*v = 3*v + 212. Suppose p*o + v = 271. What are the prime factors of o?
3, 11
Let a = -27 - -29. Let p(x) = 50*x + 8. What are the prime factors of p(a)?
2, 3
Suppose 2*v - 2*f - 12 = v, 0 = 4*v + 2*f - 18. Suppose -3*m + 25 = -8*m. Let l = v - m. What are the prime factors of l?
11
Suppose 2*j - 3*y = y - 86, 2*j - 3*y + 87 = 0. Suppose 7*i + 250 = 10*i - h, -5*h + 25 = 0. Let g = j + i. List the prime factors of g.
2, 5
Let l = 31 - 27. Suppose -2*g + 4*m = 2*m + 24, 2*g + 5*m = l. What are the prime factors of g/(-36) - 824/(-18)?
2, 23
Let i be (-6)/(-2)*-2*(-1)/(-2). Let q(n) be the first derivative of 2*n**3/3 + n**2/2 - n + 1. What are the prime factors of q(i)?
2, 7
Let g = -8 + 14. Let p(y) = 18*y**2 + y + 1. Let s be p(-1). Suppose g*j + s = 7*j. What are the prime factors of j?
2, 3
Let i(p) = 3*p + 11. Let j be i(-8). Let z be (-2)/6*(19 + j). Let f(u) = -5*u + 4. List the prime factors of f(z).
2, 7
Let n(c) = -4*c + 8. Let y be n(8). Let v(g) = 2*g**3 + 3*g**2 - 4*g - 1. Let z be v(-3). Let k = z - y. What are the prime factors of k?
2
Let p be (-200)/(-2)*(1 - 28/16). Let i = -62 - p. What are the prime factors of i?
13
Let i = -285 - -230. Let q(p) = -39*p + 1. Let n be q(-2). Let h = i + n. What are the prime factors of h?
2, 3
Let a(y) = y**2 + 5*y - 22. Let q be a(-8). Suppose 26 = 2*o - q*k, 0*k + 2*k = 8. List the prime factors of o.
17
Let s be (-393 - -2)*(9 + -11). List the prime factors of (-3)/18 - s/(-12).
5, 13
List the prime factors of (72/(-7))/((-2)/525).
2, 3, 5
Let x(y) = 99*y**3 + 1. Let p be x(1). Let l = 148 - p. List the prime factors of l.
2, 3
Let k be (20/(-3) - 2)*-9. Suppose 14*f - 112 = 16*f. Let a = k + f. What are the prime factors of a?
2, 11
Let b(q) = -3*q - 5. Let a = -31 + 27. What are the prime factors of b(a)?
7
Suppose -21*w = -23*w + 20. List the prime factors of (-2)/(-1)*(w - (-5 + 0)).
2, 3, 5
Suppose -958 = -q - n, 3376 = 3*q - 3*n + 520. List the prime factors of q.
5, 191
Suppose 5*o = 2*o - 12*o. Let x(g) = -5*g + 255. List the prime factors of x(o).
3, 5, 17
Let f be -3*1*(-75)/9. Let a = 12 - f. Let k(b) = -b + 4. List the prime factors of k(a).
17
Let m = 1157 - 525. List the prime factors of m.
2, 79
Suppose 4*b + 5*b + 9 = 0. What are the prime factors of b/(-3*(-3)/(-711))?
79
List the prime factors of ((-36)/72)/((-1)/(2126*1)).
1063
Let q(d) = d**3 - 13*d**2 - 9*d - 105. List the prime factors of q(20).
5, 503
Let j = 34 + -16. Let x(b) = -b**3 + 17*b**2 + 18*b + 5. Let r be x(j). Let w = r + 4. List the prime factors of w.
3
Let g = -17 - -22. Suppose -3*l = -0*t + 3*t - 63, -5*t = 10. Let n = l + g. List the prime factors of n.
2, 7
Let c be (12/33)/(-2) - 15054/(-33). Suppose 5*q - 3*u - c = 2*q, 2*q - 308 = 4*u. What are the prime factors of q?
2, 3, 5
Let r be 3*(3 - (-2 - -6)). Let g = r + 54. List the prime factors of g.
3, 17
Let t be (-1)/(-1*4/(-96)). Let k = -5 - -31. Let h = k - t. List the prime factors of h.
2, 5
Let s(f) = -6*f**3 + 16*f**2 + 47*f - 21. List the prime factors of s(-5).
2, 3, 149
Let q = 7 - 2. Suppose -4*k = -j + 24, 2*j + 0*k = q*k + 33. Suppose -j*x - 82 = -5*v, -25 = -2*v - 3*x + 2*x. List the prime factors of v.
2, 7
Let l(y) = 9*y + 1 - 6 + y**2 + 4 + 0*y. Let s be l(-7). List the prime factors of s + 14 - 24/(-1).
23
Suppose i - f - 2168 = -0*i, -3*f - 2168 = -i. List the prime factors of i.
2, 271
Let c = -6459 - -9329. What are the prime factors of c?
2, 5, 7, 41
Let i = 356 - 218. List the prime factors of i.
2, 3, 23
What are the prime factors of (-180)/(-2) + (-44)/11?
2, 43
What are the prime factors of (-1)/1 - -3944 - (-1230)/410?
2, 1973
Suppose 2*p + 2*r + 8 = 5*p, 0 = -2*p + 4*r. Suppose p*o - 83 = 3*o. Suppose -5*a - 36 = -0*c - 3*c, -4*c - 5*a = -o. What are the prime factors of c?
17
Suppose 716 = -4*y + 2040. List the prime factors of y.
331
Let z(f) = -5*f**3 - 3*f**2 + f + 3. Let a be z(-3). Let x = a + -29. What are the prime factors of x?
79
Let m be -6 + (2 - -2) + 2. Suppose -2*t = 2*x - t - 81, 5*x + 3*t - 205 = m. What are the prime factors of x?
2, 19
Let x = 1359 - 883. List the prime factors of x.
2, 7, 17
Suppose 33*b - 4411 = 22*b. List the prime factors of b.
401
Let p(c) = c**3 + 7*c**2 - c + 3. Let d be p(-5). Suppose 5*t + d - 248 = 0. List the prime factors of t.
2, 19
What are the prime factors of (3/2)/((-26)/(-3796))?
3, 73
Let x be (-10)/(2 + 3 - 3). Let k = x + 9. Suppose -2*h - 4 - 46 = -2*j, k*h = 0. List the prime factors of j.
5
Let l(u) be the second derivative of -5*u**3/6 - 2*u**2 + 2*u + 121. Let c be (-4)/(-6) - (-28)/(-6). List the prime factors of l(c).
2
Let l(z) = 6*z - 7 - 2*z + z**2 - 3*z. Let f = -1 - 4. What are the prime factors of l(f)?
13
Suppose 11*c + 142 = 1253. List the prime factors of c.
101
Suppose -u - 3*t + 59 = -2*t, t + 55 = u. Suppose -6*g + 15 = -u. List the prime factors of g.
2, 3
Let x(l) = 15*l**2 - 2*l - 60. List the prime factors of x(-9).
3, 17, 23
Let t = 102 - -64. What are the prime factors of t?
2, 83
Let o be -8 - 2/((-6)/3). Let f(x) = -x**3 - 7*x**2 + 2. Let r be f(o). Suppose -r*q = -q - 20. What are the prime factors of q?
2, 5
Suppose -2*t = -17*u + 14*u - 2559, -5*u = 4*t - 5063. List the prime factors of t.
2, 3, 53
Suppose -5*i + 11 - 5 = -v, 0 = 2*v + i - 10. List the prime factors of (-5 - -3) + 249 - v.
3
Let a = -34 - -37. Suppose -4*u + 0*u + 4*y = -8, 0 = a*y - 9. What are the prime factors of u?
5
Let j = 1287 - 786. List the prime factors of j.
3, 167
Let f = 80 - -361. What are the prime factors of f?
3, 7
Let a(f) be the second derivative of -f**5/120 + f**4/8 + f**3/3 + 3*f. Let x(z) be the second derivative of a(z). List the prime factors of x(-10).
13
Suppose 0 = 4*f + 3*j - 2 - 4, 0 = 4*f + 5*j - 10. Suppose f = -m + 2. Suppose 42 - 14 = m*g. List the prime factors of g.
2, 7
Suppose -640 = -6*p + 182. Suppose -20 = -4*r, -121 = -4*k + 2*r + p. What are the prime factors of k?
67
Let l(o) = -3*o**3 + 6*o**2 + o. Suppose 0 = -5*p - 2 - 8. What are the prime factors of l(p)?
2, 23
Let w(z) = -11*z**3 + 7*z**2 + 4*z + 9. Let i(x) = -21*x**3 + 13*x**2 + 7*x + 17. Let c(y) = -6*i(y) + 11*w(y). List the prime factors of c(2).
37
Suppose o - 341 = -4*z + 1073, -5*z + 3*o + 1759 = 0. What are the prime factors of z?
353
Let j = -100 - -227. What are the prime factors of j?
127
Suppose 0 = 2*i - 6*o + o - 6, -5*i - 5*o + 15 = 0. Suppose b + i = 4*b. List the prime factors of ((-9)/9)/(b/(-15)).
3, 5
Let k = 51 - -8. Let q = 7 + k. What are the prime factors of q?
2, 3, 11
Let k = -27 + 20. Let q(i) = i**2 + 7*i + 3. Let x be q(k). Suppose -x*n + 6*n - 9 = 0. What are the prime factors of n?
3
Let s be (-1 + (-20)/(-15))*0. Suppose -g + 4*t + 16 = -s*t